 + 0 + 14*d + 2*d**2 - 1/60*d**5 + 1/8*d**4. Determine v(1).
1
Suppose u + 3 = -5*f - 115, -2*u - 36 = 2*f. Let b(k) = -k**2 - 23*k + 52. Calculate b(f).
2
Let c(m) = -20 + 4826*m**2 + m**3 + 4830*m**2 - 14444*m**2 + 4807*m**2 + 17*m. Calculate c(-18).
-2
Let p(h) = h**2 + 4*h - 101. Suppose 10*f - 75 = -195. Determine p(f).
-5
Let m(v) = -3360*v + 1124*v + 1120*v - 2 + 1121*v. Determine m(1).
3
Suppose -8*u = -7*u - 15. Suppose -3*b + 3*d + u = 0, 0*d + 15 = 3*b + 3*d. Suppose 11*j - b = 6*j. Let h(q) = -14*q + 1. What is h(j)?
-13
Let m(r) = -3*r**2 + 10*r + 8. Let a(i) = 7*i**2 - 21*i - 17. Let j(p) = -2*a(p) - 5*m(p). Let f be j(9). Suppose 0 = -t + 6 - f. Let g(b) = -b + 3. Give g(t).
0
Let w(l) = -22*l**2 - 2*l + 10*l**2 + 30 + 11*l**2 - 11 - 21. Calculate w(0).
-2
Let y(u) = -415 - 420 + 1293 + u - 436. Calculate y(-23).
-1
Let r(l) be the third derivative of -l**6/60 - l**5/15 + l**4/12 + 11*l**3/6 - 2279*l**2. Give r(0).
11
Let n be 400/48*(-66)/(-10). Let h(d) = 34*d**2 - 10 - n*d**2 - 2*d + 22*d**2. Calculate h(5).
5
Let z be -1 - 4/(-10) - 3569/(-215). Let f(w) = 10 + w - z + 8 - w**2 - w. Give f(-5).
-23
Let n(j) = -22*j + 14. Suppose 3*p + 2*i = -12, 7*p = 8*p - i + 4. What is n(p)?
102
Suppose -y - 2*c + 5 = 4*y, 2*y - 2*c - 16 = 0. Let j = -86 + 88. Let k(w) = 0 + 2 - w**j - y*w - 2*w - 8. Calculate k(-4).
-2
Let n(c) be the third derivative of c**4/8 - 59*c**3/6 + 1430*c**2. Give n(0).
-59
Let c be 3*-1 + (-48)/(-8). Suppose -2*m + 0*m = c*r + 1, 5*m - 10 = -5*r. Suppose g = m - 11. Let u(t) = -t**3 - 5*t**2 + t + 5. Calculate u(g).
-15
Let i(t) = 2*t**2 - 25*t + 55. Let d(g) = g**3 + 19*g**2 - 3*g - 48. Let z be d(-19). What is i(z)?
-8
Let c(m) = 14*m + 20. Let y(p) = 32*p + 43. Let u(d) = 7*c(d) - 3*y(d). What is u(-6)?
-1
Let b(z) = 0 - 10 + 19*z - 1 + 36 - 10. Give b(-1).
-4
Suppose -25 = -5*x - 5. Let h(b) = -6*b + x*b + 3 + 3*b. Let t(n) = n**3 + 12*n**2 + 404*n + 4844. Let l be t(-12). Give h(l).
-1
Let p be 1/(-7) - 122/(-854). Let l = 1 + 1. Let y(q) = -q**2 + q - 3*q**2 + 0*q**2 - 8 + 3*q**l - q**3. Calculate y(p).
-8
Suppose -3*y + 15 = -4*t, -4 + 16 = -4*t. Suppose -4*h = 4*l - 12, 0 = 4*h - l - 3 - 4. Let u(g) = -47*g - y + h + 48*g. What is u(7)?
8
Let x = 278 - 248. Suppose -96*t + 91*t = x. Let a(r) = r**2 + 6*r + 8. Calculate a(t).
8
Let z(u) be the second derivative of -u**5/20 + 7*u**4/12 - 5*u**3/6 - 25*u**2/2 - 2*u - 1120. Determine z(4).
3
Let s be (-2 - 4) + 1 + 6. Let o(p) = -2 - 171*p**3 + 172*p**3 + 3 + s - 3*p**2. Calculate o(3).
2
Let c(q) = -q + 18. Suppose -4*i = -2*u + 60, -203*i + 200*i + 5*u = 45. What is c(i)?
33
Suppose -5*b = m + 9, 3*m = -2*b + 7 + 5. Let z(o) = 69*o - 9 - 61*o - 14*o**2 + 13*o**2. Calculate z(m).
3
Let t(p) = p**2. Let o(i) = -6*i**2 - 10*i - 22. Let l(w) = -o(w) - 5*t(w). Let r be l(-7). Let b(x) = 2*x**2 - x**2 + 2*x**3 - 1 + 2*x - x. Calculate b(r).
3
Let d(j) = -22*j**3 - 7*j**2 - 12*j - 6. Let f(q) = -48*q**3 - 15*q**2 - 26*q - 13. Let v(y) = -9*d(y) + 4*f(y). Calculate v(-1).
-5
Suppose -4*j - 2*r + 3*r + 108 = 0, 2*j + 2*r = 64. Let x(m) = -2*m + 55. Calculate x(j).
-1
Let g(t) be the second derivative of t**4/12 - 25*t**3/6 - 5*t**2 - 500*t. Calculate g(25).
-10
Let c(x) = 3*x**2 - 6*x + 5. Let z be c(1). Let w(m) = -m**3 + 2*m**2 - 3*m + 5. Let f be w(z). Let u be (2/(-3) - 3)/(f/3). Let v(t) = -t - 1. Give v(u).
-12
Let c = 23524 - 23530. Let b(k) = 9*k - 54. Determine b(c).
-108
Suppose -17*p + 18*p + 2*t + 20 = 0, -5*p + 5*t - 40 = 0. Let w(s) = -s + 23. Give w(p).
35
Suppose a - 157 + 10 = 0. Let i(w) = -579 + 147 + 137 + 10*w + a + 145. What is i(-4)?
-43
Suppose 21*c - y - 10 = 19*c, 34 = 2*c + 2*y. Let s(t) = t**2 - 7*t - 20. Calculate s(c).
-2
Let i(m) = -2*m - 10. Suppose 7*g = 62 - 20. Suppose -4*c - 43 = -3*b, -41 = -2*c + g*c - b. What is i(c)?
10
Let f(h) = -2*h**3 - 11*h**2 + 5*h - 5. Let j = 5031 + -5037. What is f(j)?
1
Let k(p) be the third derivative of 0*p + 1/12*p**4 + 0 - 2*p**2 + 1/6*p**3. Let a = -3269 - -3263. Determine k(a).
-11
Suppose 5*f = -h + 35, h + 2 = 2*f - h. Suppose 10*n = 4*n - f. Let d(i) be the third derivative of -i**4/6 + 2*i**2. Give d(n).
4
Let q(b) be the second derivative of b**5/20 - b**3 - b**2/2 + 21*b - 52. Calculate q(-3).
-10
Let m be -5 - (2 - (-1 + 6)) - -4. Let d(r) = r**2 + r**3 + m*r**2 - 3*r**2 + r + 2 + 3*r**3. Calculate d(2).
36
Let g(m) = 2*m - 4. Let r be (6 + -8 + 1)*-187. Let f = r + -191. What is g(f)?
-12
Let k(y) = -y**3 + 20*y**2 - 3*y + 67. Let a be k(20). Suppose -12*n = -a*n. Let s(q) = -q**3 + q**2 + q + 1. Give s(n).
1
Let q = 7 - 6. Suppose -2*i - 3*i + 2*z + 208 = 0, -z + 76 = 2*i. Let m(p) = i*p - 15*p - 15*p - 14*p. Determine m(q).
-4
Let x(c) be the second derivative of c**4/12 - 8*c**3/3 + 25*c**2/2 + 2772*c. Give x(11).
-30
Let p(d) = 17*d - 3. Suppose -885*r + 4*h = -887*r - 16, -4*h = -2*r + 8. What is p(r)?
-37
Let v(s) = s**2 + 72 - 73 + 2*s - s + 3*s**3. Suppose -z + 4*z = 21. Let m = z - 6. Determine v(m).
4
Let q = -2168 + 2160. Let u(f) = -19*f - 158. What is u(q)?
-6
Let g(b) = b + 11. Let v(m) = -20 - 7*m + 18 + 5 + 17. Let c = 11 + -7. Let j be v(c). Calculate g(j).
3
Let z(d) = 7*d - 8. Let t be (1136/710)/(-1 - (-13)/15). Calculate z(t).
-92
Let w(d) = d**3 + 2*d**2 - 24*d + 3. Let m be (-92)/(-115)*(-30)/4. Give w(m).
3
Let z(f) = f**2 + f - 11. Suppose -3*q = -0*w + w + 10, 5*w - 18 = 2*q. Let r(a) = 6*a - 12. Let s be r(w). Give z(s).
-11
Let c(z) = -41*z**2 - 34*z + 12. Let r(b) = -49*b**2 - 39*b + 11. Let x(a) = -6*c(a) + 5*r(a). What is x(-12)?
19
Let t(j) be the second derivative of -j**3/6 + 910*j + 104. Let h(d) = 0*d - d - 5 + 0*d. Let o be h(-4). What is t(o)?
1
Let d(a) be the third derivative of -a**5/60 - 7*a**3/6 - 5*a**2 + 44*a. Determine d(-9).
-88
Let a(n) be the second derivative of -n**4/12 - 7*n**3/6 + 71*n**2 + 1547*n. Give a(9).
-2
Let c(o) be the first derivative of o**2/2 + 7. Let f be c(3). Let v(r) be the second derivative of r**4/12 - r**3/3 + r**2/2 - r + 550. What is v(f)?
4
Let m(k) = -3*k + 13. Let h(z) = 4*z - 14. Let f(c) = -4*h(c) - 5*m(c). Let l = 341 + -338. Suppose -5*x = l*i + 33, -4*i + 2*x = -6*i - 18. Determine f(i).
-3
Suppose 262*n - 268*n + 7536 = 0. Suppose 12*f = 1208 - n. Let y(r) = r + 2. Let u(j) = -3*j - 6. Let p(h) = 2*u(h) + 7*y(h). Give p(f).
-2
Let g(a) be the first derivative of -3*a**2/2 + 7*a + 8. Let w = 2743 - 2737. Calculate g(w).
-11
Let u(t) = t**3 + 10*t**2 + 11*t - 46. Let h be u(-8). Let y(m) = 21 - 54 + 2*m + 26. Give y(h).
-19
Let h(z) = -z**2 + 2*z + 6. Let c be h(4). Let w(k) = 4*k**2 - 27*k + 1. Let y(a) = a**2 - 9*a. Suppose x = -77 + 84. Let f(s) = c*w(s) + x*y(s). Give f(-6).
16
Let f(g) be the first derivative of g**5/120 + g**4/12 + 7*g**3/3 + 32. Let k(d) be the third derivative of f(d). Give k(0).
2
Let q(a) = -8*a + 4. Let b be 0/((-36)/(-4)) - 2. What is q(b)?
20
Let z = -916 + 918. Let a(p) = -557*p - 2 - 1 - 557*p + p**z + 1110*p. Calculate a(-2).
9
Let h(j) = 6*j**2 - 31. Let k(t) = 5*t**2 - 2*t - 31. Let f(w) = 3*h(w) - 4*k(w). What is f(6)?
7
Let s = -6213 - -6223. Let r(c) = c**2 - 9*c - 13. What is r(s)?
-3
Let p(c) = -17*c**2 + 3*c - 5. Let z(d) = 26*d**2 - 5*d + 6. Let g(a) = 3*p(a) + 2*z(a). Calculate g(-2).
3
Let i(s) = -48*s + 197. Suppose 4*t - k - 12 = 0, 14*t + 10*k - 20 = 19*t. Calculate i(t).
5
Let g(b) = -7 + 4 + b + 3 - 4. Let x be g(14). Let c(q) = -11 - x + 20 + q. Give c(9).
8
Suppose -3*d + 4*l = -5*d + 72, -2*d + 66 = l. Suppose 5*b - d = -22. Let r(i) = -i**2 - 2*i + 2. Calculate r(b).
-6
Let h = -8982 - -8959. Let o(a) = a**2 + 11*a - 291. What is o(h)?
-15
Suppose 13 = -w + s, 23*w + 2*s = -2*s + 52. Let t(m) = -m**3 - 6*m**2 + 7*m + 3. Let c be t(-7). Let p(v) = -9 - 3*v - v**c - v**2 + 4*v + 0*v. Determine p(w).
-9
Let h = 133 + 29. Suppose -h = 12*a - 186. Let v(w) = w**2 + w - 2. What is v(a)?
4
Suppose 25 = -3*k + 5*t, -5*t + 15 - 20 = 3*k. Let a(o) = 2*o + 45. Calculate a(k).
35
Let w(t) = 8*t**3 - 18*t**2 + 6*t + 38. Let c(m) = -7*m**3 + 18*m**2 - 5*m - 36. Let n(b) = -7*c(b) - 6*w(b). What is n(18)?
6
Suppose c - 2 = -4*v, -62*v = -57*v - 2*c + 17. Let h(w) = -31*w - 21. Calculate h(v).
10
Let i(o) = -3*o - 51. Let w be i(-18). Let x(t) = -6*t**3 - 6*t**2 